visor of n and 16.
2
Let k(z) = z**3 + 4*z**2 + z + 2. Let x be k(-4). Let n be 1 + x*(0 - 1). Let d be 11/(n/30*2). Calculate the highest common divisor of 5 and d.
5
Let c(x) = -3*x + 4*x - x + x - 19. Let q be c(0). Let d = 46 + q. Calculate the highest common divisor of d and 3.
3
Suppose -2*v = k - 115, 42 = k - 5*v - 87. Calculate the greatest common divisor of 17 and k.
17
Suppose 5*t - 13 = 4*r, 3*t - t = 4*r - 2. Calculate the highest common factor of r and 21.
3
Let z(c) = c**2 - c + 1. Let t(q) = q**3 + q**2 + 3*q - 4. Let s(p) = -t(p) - 4*z(p). Let n be s(-6). What is the greatest common factor of n and 10?
10
Suppose 0 = 4*i + 48 - 4. Let y = i - -10. Let z be 3 - (-3 - (y - -10)). Calculate the greatest common factor of z and 3.
3
Let x be ((-12)/(-8) - 1)*8. Suppose -3*t - 4*r - 8 + 60 = 0, -4*t - 2*r + 66 = 0. What is the highest common factor of t and x?
4
Let n(g) = g**2 - 23*g + 11. Let h(u) = -11*u + 5. Let y(w) = -9*h(w) + 4*n(w). Let x be y(-5). What is the greatest common divisor of x and 96?
32
Let s = 12 - -164. What is the greatest common factor of 16 and s?
16
Let v = -45 - -67. What is the greatest common divisor of 110 and v?
22
Suppose -5 = -5*a + 5, -a = -4*u - 2. Suppose 4*w + 3*l - 7*l = 128, 3*l = u. Calculate the greatest common divisor of 8 and w.
8
Let b be (-9 + 1)*50/(-8). Let a = -24 - -54. Let h = b - a. Calculate the highest common divisor of 2 and h.
2
Suppose -87 = -0*f + 3*f. Let o = f + 42. Calculate the highest common factor of o and 13.
13
Suppose 2*m = 5*p - 26, -p + m = 4*m + 5. Suppose -p*y + 1 + 3 = 0. Let v be y - (-3)/(9/51). Calculate the greatest common factor of 6 and v.
6
Let y(x) = x + 3. Let i(w) = -2*w + 3*w**2 + 3 - 8*w**2 + w**3 + 3*w**2. Let k be i(3). Let z be y(k). Calculate the greatest common divisor of 18 and z.
9
Let m(w) = w**3 - 3*w**2 - 10*w + 7. Let i = 2 - -4. Suppose -6 - i = -2*n. Let z be m(n). Calculate the highest common divisor of 22 and z.
11
Let r(m) = 253*m**2 + m - 2. Let p be r(1). What is the greatest common factor of 36 and p?
36
Suppose 0 = -3*s + 8 - 29. Let p = s - -15. Suppose 5*c - 85 = 115. Calculate the greatest common divisor of p and c.
8
Let u be ((-8)/12)/((-1)/24). Let d(g) = -4*g. Let f be d(-1). Suppose 5*t = f*t + u. What is the greatest common factor of t and 4?
4
Let l(b) = -b**3 + b + 180. Let z be l(0). What is the highest common factor of z and 20?
20
Suppose -12 = w - 33. Calculate the greatest common factor of w and 21.
21
Suppose 3*b + 20 = 104. Calculate the greatest common divisor of 35 and b.
7
Let y(m) = 2*m**3 + 2*m + 16. Let h be y(0). Calculate the greatest common divisor of h and 8.
8
Let y = -9 - -17. What is the highest common factor of 8 and y?
8
Suppose 1 - 3 = -n. Suppose n*m + 173 = 1. Let a be (2 - m) + 1 - 1. Calculate the highest common factor of 8 and a.
8
Let h(t) = 19*t + 13. Let s(x) = 10*x + 7. Let r(d) = -6*h(d) + 11*s(d). Let a be r(-1). What is the highest common factor of 15 and a?
3
Let s be 40/15 - (-4)/(-6). Suppose -5 = -t - s. Suppose 2*g = c - t, 2*c = -5*g - c + 20. What is the greatest common factor of g and 7?
1
Let r be (1/(-2)*-1)/((-2)/(-4)). Calculate the greatest common factor of r and 1.
1
Let n = 14 - 10. Suppose 4*c = -n*k + 2*k + 24, -3*c = 5*k - 25. Suppose 4*s = -c*q + 23, 0*s - 10 = -2*s - 4*q. What is the highest common divisor of s and 7?
7
Suppose -3*n - 2*m + 32 = 0, 0 = 2*n - 6*n + 2*m + 24. Let c(b) = -b**3 - 6*b**2 - b - 5. Let y be c(-6). What is the greatest common divisor of n and y?
1
Let l be 6/(-2) - -6 - 334/(-2). Calculate the greatest common divisor of 10 and l.
10
Let o(y) = -y**3 - 8*y**2 - 10*y - 4. Let v be o(-9). Suppose -5*p + v = -148. Calculate the highest common factor of 21 and p.
21
Suppose -12 = b - 5*b. Suppose b*k + 5*v - 1 = 0, 2 = -3*k + 5*k + 2*v. Suppose -4*r + 26 = -k*r. What is the highest common divisor of 117 and r?
13
Let f(m) = 19*m - 1. Let w be f(3). Calculate the highest common divisor of w and 7.
7
Let p(s) = -s**2 + s + 5. Suppose 4*z = -z. Let q be p(z). Suppose b - 20 = q*n, -n - 1 = -2*b + 21. Calculate the highest common divisor of 70 and b.
10
Suppose -12*t = -17*t + 240. Calculate the highest common divisor of 32 and t.
16
Let p(z) = 2 + z**2 - 6*z - 2*z**2 - 5*z + 1. Let x be p(-11). Suppose 0 = g - 0*g + t - 6, x*t = 5*g - 62. Calculate the greatest common factor of 50 and g.
10
Let n(u) = 4*u**2 - u - 11. Let t be n(5). Let x be -2 + (-5)/(5/(-14)). What is the highest common divisor of t and x?
12
Let u(k) = -4*k + 48. Let q be u(-15). What is the highest common factor of 12 and q?
12
Let j be ((-21)/9 - -2)*3. Let p be 3 + 68 - (0 - j). What is the greatest common divisor of 28 and p?
14
Suppose 2*c + 12 = 6*c. Let g(x) = -11*x**3 - x**2. Let n be g(1). Let s = 9 - n. What is the highest common factor of s and c?
3
Let v(x) = x**2 - 3*x - 6. Let h be v(-4). Suppose 5*s + 16 = d, -s = -4 + 5. Calculate the greatest common divisor of h and d.
11
Let m(d) = d - 5. Let z be m(8). Calculate the greatest common divisor of 48 and z.
3
Suppose w = -3*y + 384, -2*y + 5*w + 512 = 2*y. What is the greatest common factor of 16 and y?
16
Let r(s) = 2*s**3 + 2*s**2 - 3*s + 5. Let g be r(3). What is the highest common divisor of 17 and g?
17
Suppose -6 = -2*x + 44. Calculate the highest common factor of x and 5.
5
Suppose -c + 44 - 4 = 0. Let b(g) = -2*g + 6. Let l be 1*(-2 - 2) + -1. Let v be b(l). Calculate the highest common divisor of c and v.
8
Let q(r) = r**3 - 6*r**2 - 8*r - 10. Let g be q(8). Calculate the highest common divisor of 6 and g.
6
Let o(d) = 4*d**2 + 2*d + 3. Let k be o(-8). Suppose j - 57 = -0*j - b, -4*j - b = -k. Calculate the greatest common factor of 155 and j.
31
Suppose -5*z + 3*x = -213, 3*x = 2*z - 0*x - 78. Let h be 1/(-3*(-3)/z). What is the greatest common divisor of 40 and h?
5
Suppose 45*b - 43*b - 68 = 0. Calculate the highest common factor of b and 102.
34
Let r(b) be the first derivative of -b**4/2 - 2*b**3/3 + 2*b + 4. Let h be r(-2). Let n be (-70)/(-2)*(1 + 1). What is the highest common factor of h and n?
10
Let b = 31 + -19. Let o(l) = 13*l + 3. Let z be o(-3). Let x = -6 - z. What is the greatest common factor of b and x?
6
Let j be 28 + (-1)/((-1)/4). Calculate the greatest common divisor of j and 32.
32
Suppose 0 = 2*q - 6*q + 68. Let s = q + -8. What is the highest common factor of s and 81?
9
Suppose -4*x + 4 + 92 = 0. Calculate the greatest common divisor of x and 72.
24
Let s(c) = -c**3 - 7*c**2 + 7. Let b(g) = -g + 1. Let q(o) = 5*b(o) - s(o). Let z be q(-7). Calculate the greatest common factor of z and 3.
3
Let c = -100 - -150. Let u(q) = 11*q**2 - 1. Let z be u(1). What is the greatest common factor of z and c?
10
Suppose 53*j - 48*j - 15 = 0. What is the highest common divisor of 21 and j?
3
Suppose 1 + 3 = -2*w. Let p = w - -5. Suppose -p*v - 146 = -419. What is the highest common factor of v and 13?
13
Let s(x) = x - 3. Let k be s(7). Let u be ((-2)/k)/((-2)/64). What is the greatest common divisor of u and 24?
8
Let y be 9/3 + 1/1. Suppose 3*q - 4*x - 3 = 0, 2*x + 1 = q + y*x. What is the highest common divisor of 1 and q?
1
Let b(t) = -6*t + 5. Let o be b(-7). Suppose -2*j + o = 17. Suppose 2*x = -2*x + 12. What is the greatest common factor of x and j?
3
Suppose 0 = -4*y - 1 - 31. Suppose 0 = -h - j + 16, 3*j - 19 = 3*h - 67. Let v = y + h. Calculate the greatest common factor of 8 and v.
8
Let z be (-8)/3*195/(-26). Calculate the greatest common factor of 60 and z.
20
Let f = 64 + -8. Let h = 4 - -3. Calculate the greatest common factor of f and h.
7
Let m = -23 - -35. What is the highest common factor of 36 and m?
12
Suppose 5*k - 4*k - 75 = 0. Calculate the greatest common divisor of 15 and k.
15
Let h = 29 - 21. What is the greatest common factor of 8 and h?
8
Let u = 7 - 4. Suppose -u*k + 18 = -2*k. Let q(g) = g**3 - 4*g**2 - g + 7. Let f be q(5). What is the highest common divisor of f and k?
9
Let c(u) = -u**3 - 9*u**2 + 10*u + 12. Let h be c(-10). Calculate the greatest common factor of h and 36.
12
Let y(b) = -6*b - 1. Let i be y(-1). Suppose -i*p = -4*f + 40, 5*f = -3*p + 37 + 50. What is the greatest common factor of f and 5?
5
Suppose 19 = 5*n + 2*j, -3 = -n - 2*j + 4. Supp